2
Suppose 18 = 2*i - 4*f, 24 = 3*i + i - 4*f. Suppose -3*r = -r + 3*j - 23, 0 = -i*r - 3*j + 39. What is the remainder when r is divided by 6?
4
Let n = 33 - 4. Let g(l) = -l**2 + 7*l + 10. What is the remainder when n is divided by g(7)?
9
Let y be (1/3)/(3/135). Suppose y = 2*p - 7. Calculate the remainder when 42 is divided by p.
9
Suppose 5*v - 2*s = 89, v + 3*s - 6 - 5 = 0. Calculate the remainder when 67 is divided by v.
16
Let k = -178 + 78. Let a(l) = -2*l - 2. Calculate the remainder when a(-6) is divided by (12/5)/((-40)/k).
4
Let r(y) = -2*y - 10. Let d be (-132)/(-10)*(6 - 1). Calculate the remainder when (-3)/(-3)*d/3 is divided by r(-9).
6
Suppose -4*i + 0*i - 61 = -g, g - 2*i - 55 = 0. Suppose 3 + 22 = 5*l. Suppose x = -x + 8, 4*r - 48 = l*x. Calculate the remainder when g is divided by r.
15
Let m = 46 + 17. Let w = -40 + m. Let a(y) = y**2 + 3*y - 2. What is the remainder when w is divided by a(2)?
7
Suppose -4*s - 6 = -90. Suppose 2*i + 42 = 5*i. Let r = s - i. Calculate the remainder when 19 is divided by r.
5
Suppose -2*b + 4*n + 30 = 0, 3*b - 2*n - 37 = -4*n. Suppose 5*s - 8 = s. Suppose 2*z + s*z = 148. Calculate the remainder when z is divided by b.
11
Let x be 1 + (0/(-1) - -17). Suppose u = -0*u + x. Let p = -20 + 72. What is the remainder when p is divided by u?
16
Suppose 2*o - 6 - 32 = 0. Suppose -2*r + 1161 = r. What is the remainder when (-4)/14 + r/7 is divided by o?
17
Let f(a) = -a**2 - 16*a - 2. Let k be f(-16). What is the remainder when (0 - 5)/(k/14) is divided by 18?
17
Let j(f) = 3*f**2 + f - 2. Let s(i) = i**2 - 5*i + 4. What is the remainder when s(-5) is divided by j(3)?
26
Let g(v) = 2*v**3 - 2*v**2 - v. Let z = -10 - -14. Suppose 4 = z*a - 4. What is the remainder when 10 is divided by g(a)?
4
Let x be 6/21 + 9/(-7). Let k = -7 - -12. Calculate the remainder when (-16)/((-6)/((-3)/x)) is divided by k.
3
Let s = 191 + -180. Calculate the remainder when 24 is divided by s.
2
Let s(f) = -11*f - 101. What is the remainder when (2/(-1))/((-2)/24) is divided by s(-10)?
6
Let m(n) = 4*n**2 + 7. What is the remainder when m(-5) is divided by 36?
35
Suppose 40 = -5*f + 120. Let s be ((-28)/(-4))/((-1)/2). Let y = -8 - s. Calculate the remainder when f is divided by y.
4
Let m(i) = i**3 + 20*i**2 - 3*i - 25. Calculate the remainder when m(-20) is divided by 13.
9
Suppose -54 = -3*n + 3*b, 3*b + 80 = 5*n - 0*b. Calculate the remainder when n is divided by 4.
1
Let f = 44 + -31. What is the remainder when f is divided by 4/6 + 114/18?
6
Suppose -2*z = -3*m + 23, -2*z + 3*m = -z + 16. What is the remainder when (-107)/z - 2/7 is divided by 8?
7
Let v = -6 - -14. Let j = 35 - 20. What is the remainder when j is divided by v?
7
Suppose -5*z = -l - 208, -3*z = 2*z + 2*l - 214. Suppose 0*b + z = 3*b. Suppose 0 = -3*d - 40 + 163. What is the remainder when d is divided by b?
13
Let a = 15 + -6. Suppose -b - a = -4*b. Calculate the remainder when 11 is divided by b.
2
Suppose -2*o = 4*a + 10 - 94, -2*a + 5*o = -66. Calculate the remainder when a is divided by 6.
5
Suppose 4*m - 3*z - 247 = 0, -4*m + 197 = 5*z - 42. Let g(o) = 15*o**2 - o. What is the remainder when m is divided by g(-1)?
13
Let c(h) = -16*h - 3. Let x be c(-3). Suppose -x - 91 = -2*z. Suppose z = 3*k - k. What is the remainder when k is divided by 12?
10
Let b = 14 + -26. Calculate the remainder when 2/(-7) + 256/14 is divided by (-30)/(-4)*(-16)/b.
8
Let h = 35 + -22. Suppose 2*w - h = 31. Calculate the remainder when w is divided by 12.
10
What is the remainder when 0 + (3 + -1 - -16) is divided by (2/(-8))/((-12)/336)?
4
Let c be -1 - (-2 + -1 + 1). Let b = 0 - c. Calculate the remainder when (-19)/(-1) - 2/b is divided by 11.
10
Let j(o) = 79*o**2 - 2*o + 3. Let b be j(2). Suppose -d = -6*d + b. Calculate the remainder when d is divided by 16.
15
Suppose 85 = 28*o - 27. Calculate the remainder when o is divided by 5 - -1*(2 - 3).
0
Let b(g) = -g**3 + 10*g**2 - 6*g + 6. Calculate the remainder when 131 is divided by b(9).
32
Let m = -34 - -58. Suppose 1 = s - 5*i, -3*s - m = 3*i - 9. Calculate the remainder when (6/s)/(6/(-104)) is divided by 14.
12
Let n = 13 - 8. Suppose n*b - b = 96. Let v(l) = -l**3 + 6*l**2 - 2*l - 2. Calculate the remainder when b is divided by v(5).
11
Let l(h) = 6*h - 15. Calculate the remainder when 40 is divided by l(6).
19
Suppose 0 = -f - 3, -9*k + 5*f = -8*k - 34. Calculate the remainder when 111 is divided by k.
16
Let c(x) = x**3 - 7*x**2 + 10*x - 7. What is the remainder when (-274)/(-4) - 6/4 is divided by c(6)?
16
Let t(p) = 2*p. What is the remainder when 1*(8/(-4) + 9) is divided by t(2)?
3
Let d(b) = -1 - 4*b - 1 + 0*b. Let x be d(-2). Let o(t) = -t**3 + 7*t**2 - 6*t + 2. Calculate the remainder when 5 is divided by o(x).
1
Suppose -4*v = -5*v + 7. Calculate the remainder when 10 is divided by v.
3
Let q = 2 - -138. Suppose b = j + 21 + 14, -4*b + q = -2*j. Calculate the remainder when b is divided by 18.
17
Suppose -276 = 3*s - 3*p - 870, 4*p = -4*s + 776. Calculate the remainder when s is divided by 9.
7
Suppose -3*b = -5*z - 0*b + 15, 10 = 2*b. Let l(p) = p**3 - 7*p**2 + 5*p + 8. Calculate the remainder when 7 is divided by l(z).
1
Let m = 280 - 270. Suppose -4*t + 117 = 4*r - 3, 25 = r - 4*t. What is the remainder when r is divided by m?
9
Let z be (1 - -4) + (3 - 2). Suppose z*q - 2*q = p + 227, 0 = 2*p - 2. What is the remainder when q is divided by 20?
17
Let d(b) = 2 + 2*b**2 - 3*b**2 + 2*b + 2*b**2. Let z be d(-2). Suppose -2*j = -2*s + 2*j - 8, -4*s = -z*j - 14. Calculate the remainder when 16 is divided by s.
4
Let p be 67/(-4) - (-1)/(-4). Let s = -123 + 86. Let b = p - s. Calculate the remainder when 39 is divided by b.
19
Suppose d = -5*j + 2*d + 10, 4*j = 4*d + 8. Suppose 0*q = -q + 2*h - 8, -4*q + 2*h - 2 = 0. Calculate the remainder when j is divided by q.
0
Suppose -2 = -4*f + 58. What is the remainder when f is divided by 5?
0
Let p(r) = 4*r**2 + 4. Calculate the remainder when 99 is divided by p(2).
19
Let g = 85 - 62. What is the remainder when g is divided by 13?
10
Suppose 3*m - 4*m = -12. What is the remainder when 22 is divided by m?
10
Let o(n) = 12*n**3 - 2*n**2 - 3*n + 2. Let m be o(2). Let s = 13 - 1. Calculate the remainder when ((-10)/(-8))/(3/m) is divided by s.
11
Suppose 0 = -3*h - 6, 0*t + 83 = 5*t - 4*h. Calculate the remainder when 23 is divided by t.
8
What is the remainder when -1 + (-1 - -25) - 2 is divided by 12?
9
Let s(c) = -c + 15. Suppose -7*i = 3*w - 2*i - 19, 27 = 4*w + 5*i. What is the remainder when s(-30) is divided by w?
5
Suppose 0 = -v - 0 + 3. Let h = -13 - -12. What is the remainder when (v/(-1))/(h/5) is divided by 8?
7
Let u = 1 + 3. What is the remainder when 20 is divided by (2 + -1)/(u/28)?
6
Let f = -33 - -37. What is the remainder when 15 is divided by f?
3
Suppose 4*m + 0*m - 12 = 0. Suppose 43 = m*d - 32. Suppose 3*r + z = 1 + d, -z + 40 = 5*r. Calculate the remainder when 20 is divided by r.
6
Suppose 2*i + i + 4*h = 20, 0 = i - h - 16. Calculate the remainder when 57 is divided by i.
9
Let w = 5 + -1. Suppose 159*k - 12 = 147*k. What is the remainder when w is divided by k?
0
Let i(b) = -13*b**2 - 2*b - 1. Let t be i(-1). Calculate the remainder when t/(-30) + 196/10 is divided by 7.
6
Suppose -7*g + 3*g = -268. What is the remainder when g is divided by 17?
16
Let c(y) = y**3 + 7*y**2 + 9. Let w = 3 - 9. What is the remainder when w/4*102/(-9) is divided by c(-7)?
8
Let p(h) = 3*h + 2. Calculate the remainder when p(3) is divided by 4.
3
Let c = 22 + 3. Calculate the remainder when 95 is divided by c.
20
Let z(u) = -u**3 - u**2 + 1. Let i(s) = -5*s**3 - 12*s**2 + 6*s + 5. Let c(y) = -i(y) + 6*z(y). Calculate the remainder when -4 + 5 + 0 + 15 is divided by c(4).
7
Let a = 9 - -32. Suppose 4*i - 61 = y, -2*i - 3*i = 5*y - 45. Calculate the remainder when a is divided by i.
13
Let k(u) = u**2 - u + 3. What is the remainder when 14 is divided by k(3)?
5
Calculate the remainder when (-2)/4*(-21 + 1) is divided by 6.
4
Let c(b) = 4*b - 9. Let u(s) = 3*s**2 - 3*s - 6. Let f be u(5). Let x = 82 - f. Calculate the remainder when x is divided by c(6).
13
Let m(s) = -3*s + 9*s - 1 + 4*s. What is the remainder when m(5) is divided by 17?
15
Suppose 36 